{"id":26,"date":"2021-10-08T17:02:26","date_gmt":"2021-10-08T15:02:26","guid":{"rendered":"https:\/\/lesnabazalacko.pl\/?page_id=26"},"modified":"2021-10-08T17:29:11","modified_gmt":"2021-10-08T15:29:11","slug":"aktualnosci","status":"publish","type":"page","link":"https:\/\/lesnabazalacko.pl\/index.php\/aktualnosci\/","title":{"rendered":"Aktualno\u015bci"},"content":{"rendered":"\n<div class=\"wp-block-group\"><div class=\"wp-block-group__inner-container is-layout-flow wp-block-group-is-layout-flow\"><ul class=\"wp-block-latest-posts__list is-grid columns-2 wp-block-latest-posts\"><li><div class=\"wp-block-latest-posts__featured-image\"><img loading=\"lazy\" decoding=\"async\" width=\"150\" height=\"150\" src=\"https:\/\/lesnabazalacko.pl\/wp-content\/uploads\/2022\/01\/lesnabazalacko.pl-spacery-lokalne-wazne-historie-baner-strona-spacer2021-150x150.jpg\" class=\"attachment-thumbnail size-thumbnail wp-post-image\" alt=\"\" style=\"\" \/><\/div><a class=\"wp-block-latest-posts__post-title\" href=\"https:\/\/lesnabazalacko.pl\/index.php\/2021\/12\/01\/spacery-lokalne-wazne-historie\/\">Spacery lokalne. Wa\u017cne historie<\/a><div class=\"wp-block-latest-posts__post-excerpt\">Spacery lokalne. Wa\u017cne historie to w\u0119dr\u00f3wki szlakami kultury, do kt\u00f3rych od kilku lat zapraszamy mieszka\u0144c\u00f3w ma\u0142ych i du\u017cych miejscowo\u015bci, przechodni\u00f3w, turyst\u00f3w i wszystkich zainteresowanych w\u0119dr\u00f3wk\u0105 do miejsc bliskich, odleg\u0142ych, pokazywanych z nieoczywistych i r\u00f3\u017cnorodnych perspektyw. Spacery to r\u00f3wnocze\u015bnie spotkania z ma\u0142o znanymi, intryguj\u0105cymi, a cz\u0119sto i trudnymi tematami dotycz\u0105cymi historycznego i kulturowego dziedzictwa. Chcieli\u015bmy przypomnie\u0107&hellip;&nbsp;<a href=\"https:\/\/lesnabazalacko.pl\/index.php\/2021\/12\/01\/spacery-lokalne-wazne-historie\/\" rel=\"bookmark\">Dowiedz si\u0119 wi\u0119cej &raquo;<span class=\"screen-reader-text\">Spacery lokalne. Wa\u017cne historie<\/span><\/a><\/div><\/li>\n<li><div class=\"wp-block-latest-posts__featured-image\"><img loading=\"lazy\" decoding=\"async\" width=\"150\" height=\"150\" src=\"https:\/\/lesnabazalacko.pl\/wp-content\/uploads\/2021\/10\/intro-fti-150x150.jpg\" class=\"attachment-thumbnail size-thumbnail wp-post-image\" alt=\"\" style=\"\" \/><\/div><a class=\"wp-block-latest-posts__post-title\" href=\"https:\/\/lesnabazalacko.pl\/index.php\/2021\/10\/11\/wedrowna-wystawa-szesc-malych-muzeow\/\">W\u0119drowna wystawa: Sze\u015b\u0107 ma\u0142ych muze\u00f3w<\/a><div class=\"wp-block-latest-posts__post-excerpt\">Wsp\u00f3lnie z tw\u00f3rcami i organizatorami sze\u015bciu ma\u0142ych muze\u00f3w z Kujaw i Ziemi Dobrzy\u0144skiej zapraszamy do wystawy prezentuj\u0105cej niezwyk\u0142e, nieoczywiste i nieznane powszechnie muzealia etnograficzne. Wybrane przedmioty i dokumentacje s\u0105 prezentowane po raz pierwszy, podobnie jak przedsi\u0119wzi\u0119cia muzealnicze i izb pami\u0119ci uczestnicz\u0105ce w programie W\u0119drownego Uniwersytetu Etnograficznego 2021. Wybrane do wystawy muzealia ilustruj\u0105 fragmenty zbior\u00f3w i&hellip;&nbsp;<a href=\"https:\/\/lesnabazalacko.pl\/index.php\/2021\/10\/11\/wedrowna-wystawa-szesc-malych-muzeow\/\" rel=\"bookmark\">Dowiedz si\u0119 wi\u0119cej &raquo;<span class=\"screen-reader-text\">W\u0119drowna wystawa: Sze\u015b\u0107 ma\u0142ych muze\u00f3w<\/span><\/a><\/div><\/li>\n<li><div class=\"wp-block-latest-posts__featured-image\"><img loading=\"lazy\" decoding=\"async\" width=\"150\" height=\"150\" src=\"https:\/\/lesnabazalacko.pl\/wp-content\/uploads\/2021\/10\/intro-fti-150x150.jpg\" class=\"attachment-thumbnail size-thumbnail wp-post-image\" alt=\"\" style=\"\" \/><\/div><a class=\"wp-block-latest-posts__post-title\" href=\"https:\/\/lesnabazalacko.pl\/index.php\/2021\/10\/11\/wedrowny-uniwersytet-etnograficzny-o-programie\/\">W\u0119drowny Uniwersytet Etnograficzny. O programie<\/a><div class=\"wp-block-latest-posts__post-excerpt\">W\u0119drowny Uniwersytet Etnograficzny (WUE) jest programem wyrastaj\u0105cym z ponad dziesi\u0119ciu lat do\u015bwiadcze\u0144 Fundacji Ari Ari w realizacji bada\u0144 etnograficznych, diagnoz lokalnych i cyklicznych projekt\u00f3w wspieraj\u0105cych rozmaite aktywno\u015bci z obszaru materialnego i niematerialnego dziedzictwa kulturowego. Ide\u0105 przewodni\u0105 jest r\u00f3\u017cnorodne podejmowanie dziedzictwa kulturowego, raczej w nieoczywisty spos\u00f3b, ale zawsze we wsp\u00f3\u0142pracy z tw\u00f3rcami, organizatorami i pasjonatami rozmaitych&hellip;&nbsp;<a href=\"https:\/\/lesnabazalacko.pl\/index.php\/2021\/10\/11\/wedrowny-uniwersytet-etnograficzny-o-programie\/\" rel=\"bookmark\">Dowiedz si\u0119 wi\u0119cej &raquo;<span class=\"screen-reader-text\">W\u0119drowny Uniwersytet Etnograficzny. O programie<\/span><\/a><\/div><\/li>\n<\/ul><\/div><\/div>\n\n\n\n<p><\/p>\n","protected":false},"excerpt":{"rendered":"","protected":false},"author":1,"featured_media":0,"parent":0,"menu_order":0,"comment_status":"closed","ping_status":"closed","template":"","meta":{"neve_meta_sidebar":"","neve_meta_container":"","neve_meta_enable_content_width":"","neve_meta_content_width":0,"neve_meta_title_alignment":"","neve_meta_author_avatar":"","neve_post_elements_order":"","neve_meta_disable_header":"","neve_meta_disable_footer":"","neve_meta_disable_title":"","footnotes":""},"class_list":["post-26","page","type-page","status-publish","hentry"],"_links":{"self":[{"href":"https:\/\/lesnabazalacko.pl\/index.php\/wp-json\/wp\/v2\/pages\/26","targetHints":{"allow":["GET"]}}],"collection":[{"href":"https:\/\/lesnabazalacko.pl\/index.php\/wp-json\/wp\/v2\/pages"}],"about":[{"href":"https:\/\/lesnabazalacko.pl\/index.php\/wp-json\/wp\/v2\/types\/page"}],"author":[{"embeddable":true,"href":"https:\/\/lesnabazalacko.pl\/index.php\/wp-json\/wp\/v2\/users\/1"}],"replies":[{"embeddable":true,"href":"https:\/\/lesnabazalacko.pl\/index.php\/wp-json\/wp\/v2\/comments?post=26"}],"version-history":[{"count":4,"href":"https:\/\/lesnabazalacko.pl\/index.php\/wp-json\/wp\/v2\/pages\/26\/revisions"}],"predecessor-version":[{"id":72,"href":"https:\/\/lesnabazalacko.pl\/index.php\/wp-json\/wp\/v2\/pages\/26\/revisions\/72"}],"wp:attachment":[{"href":"https:\/\/lesnabazalacko.pl\/index.php\/wp-json\/wp\/v2\/media?parent=26"}],"curies":[{"name":"wp","href":"https:\/\/api.w.org\/{rel}","templated":true}]}}

Aktualności

<div class="wp-block-group"><div class="wp-block-group__inner-container is-layout-flow wp-block-group-is-layout-flow"><ul class="wp-block-latest-posts__list is-grid columns-2 wp-block-latest-posts"><li><div class="wp-block-latest-posts__featured-image"><img loading="lazy" decoding="async" width="150" height="150" src="https://lesnabazalacko.pl/wp-content/uploads/2022/01/lesnabazalacko.pl-spacery-lokalne-wazne-historie-baner-strona-spacer2021-150x150.jpg" class="attachment-thumbnail size-thumbnail wp-post-image" alt="" style="" /></div><a class="wp-block-latest-posts__post-title" href="https://lesnabazalacko.pl/index.php/2021/12/01/spacery-lokalne-wazne-historie/">Spacery lokalne. Ważne historie</a><div class="wp-block-latest-posts__post-excerpt">Spacery lokalne. Ważne historie to wędrówki szlakami kultury, do których od kilku lat zapraszamy mieszkańców małych i dużych miejscowości, przechodniów, turystów i wszystkich zainteresowanych wędrówką do miejsc bliskich, odległych, pokazywanych z nieoczywistych i różnorodnych perspektyw. Spacery to równocześnie spotkania z mało znanymi, intrygującymi, a często i trudnymi tematami dotyczącymi historycznego i kulturowego dziedzictwa. Chcieliśmy przypomnieć&hellip;&nbsp;<a href="https://lesnabazalacko.pl/index.php/2021/12/01/spacery-lokalne-wazne-historie/" rel="bookmark">Dowiedz się więcej &raquo;<span class="screen-reader-text">Spacery lokalne. Ważne historie</span></a></div></li>
<li><div class="wp-block-latest-posts__featured-image"><img loading="lazy" decoding="async" width="150" height="150" src="https://lesnabazalacko.pl/wp-content/uploads/2021/10/intro-fti-150x150.jpg" class="attachment-thumbnail size-thumbnail wp-post-image" alt="" style="" /></div><a class="wp-block-latest-posts__post-title" href="https://lesnabazalacko.pl/index.php/2021/10/11/wedrowna-wystawa-szesc-malych-muzeow/">Wędrowna wystawa: Sześć małych muzeów</a><div class="wp-block-latest-posts__post-excerpt">Wspólnie z twórcami i organizatorami sześciu małych muzeów z Kujaw i Ziemi Dobrzyńskiej zapraszamy do wystawy prezentującej niezwykłe, nieoczywiste i nieznane powszechnie muzealia etnograficzne. Wybrane przedmioty i dokumentacje są prezentowane po raz pierwszy, podobnie jak przedsięwzięcia muzealnicze i izb pamięci uczestniczące w programie Wędrownego Uniwersytetu Etnograficznego 2021. Wybrane do wystawy muzealia ilustrują fragmenty zbiorów i&hellip;&nbsp;<a href="https://lesnabazalacko.pl/index.php/2021/10/11/wedrowna-wystawa-szesc-malych-muzeow/" rel="bookmark">Dowiedz się więcej &raquo;<span class="screen-reader-text">Wędrowna wystawa: Sześć małych muzeów</span></a></div></li>
<li><div class="wp-block-latest-posts__featured-image"><img loading="lazy" decoding="async" width="150" height="150" src="https://lesnabazalacko.pl/wp-content/uploads/2021/10/intro-fti-150x150.jpg" class="attachment-thumbnail size-thumbnail wp-post-image" alt="" style="" /></div><a class="wp-block-latest-posts__post-title" href="https://lesnabazalacko.pl/index.php/2021/10/11/wedrowny-uniwersytet-etnograficzny-o-programie/">Wędrowny Uniwersytet Etnograficzny. O programie</a><div class="wp-block-latest-posts__post-excerpt">Wędrowny Uniwersytet Etnograficzny (WUE) jest programem wyrastającym z ponad dziesięciu lat doświadczeń Fundacji Ari Ari w realizacji badań etnograficznych, diagnoz lokalnych i cyklicznych projektów wspierających rozmaite aktywności z obszaru materialnego i niematerialnego dziedzictwa kulturowego. Ideą przewodnią jest różnorodne podejmowanie dziedzictwa kulturowego, raczej w nieoczywisty sposób, ale zawsze we współpracy z twórcami, organizatorami i pasjonatami rozmaitych&hellip;&nbsp;<a href="https://lesnabazalacko.pl/index.php/2021/10/11/wedrowny-uniwersytet-etnograficzny-o-programie/" rel="bookmark">Dowiedz się więcej &raquo;<span class="screen-reader-text">Wędrowny Uniwersytet Etnograficzny. O programie</span></a></div></li>
</ul></div></div>



<p></p>
